se
Does 30 divide 1200146?
False
Is 208 a factor of 12696200?
False
Is 17 a factor of 2480242?
False
Is 40 a factor of 1135260?
False
Does 19 divide 13049200?
True
Is 23 a factor of 31510?
True
Is 96 a factor of 628800?
True
Is 39 a factor of 4134273?
True
Is 42 a factor of 547302?
True
Does 146 divide 72960?
False
Does 12 divide 1366807?
False
Does 444 divide 9564677?
False
Is 44458 a multiple of 2?
True
Is 9477978 a multiple of 46?
True
Is 869616 a multiple of 671?
True
Is 7618992 a multiple of 816?
True
Is 265238 a multiple of 34?
False
Is 24 a factor of 275463?
False
Is 22 a factor of 6339315?
False
Is 3 a factor of 59326?
False
Does 33 divide 136144?
False
Does 210 divide 283080?
True
Is 419716 a multiple of 11?
True
Is 253961 a multiple of 17?
False
Is 2301410 a multiple of 74?
False
Does 599 divide 1980730?
False
Is 37 a factor of 350940?
False
Does 6 divide 926292?
True
Is 9074494 a multiple of 20?
False
Does 7 divide 110443?
False
Does 3 divide 861775?
False
Is 74571 a multiple of 7?
True
Is 30 a factor of 3363854?
False
Does 16 divide 291571?
False
Is 2535628 a multiple of 13?
False
Does 184 divide 252632?
True
Is 81834 a multiple of 31?
False
Is 627145 a multiple of 4?
False
Is 122400 a multiple of 51?
True
Is 522118 a multiple of 6?
False
Does 1332 divide 784868?
False
Is 7 a factor of 39354?
True
Does 1190 divide 4589830?
True
Is 32 a factor of 129408?
True
Is 35 a factor of 1489285?
True
Is 25 a factor of 865493?
False
Is 35850 a multiple of 20?
False
Is 26845 a multiple of 76?
False
Is 176225 a multiple of 27?
False
Is 63 a factor of 924840?
True
Is 378176 a multiple of 8?
True
Is 547 a factor of 4749601?
True
Is 129 a factor of 3715942?
False
Does 3 divide 32315?
False
Does 31 divide 73687?
True
Is 276906 a multiple of 399?
True
Does 1178 divide 193192?
True
Does 26 divide 4881370?
True
Is 4089382 a multiple of 2069?
False
Does 7 divide 13650?
True
Does 12 divide 23125020?
True
Is 197 a factor of 190248?
False
Is 12 a factor of 10751244?
True
Is 21 a factor of 240827?
False
Is 7 a factor of 261492?
True
Does 65 divide 10094333?
False
Is 26 a factor of 1927113?
False
Does 23 divide 9706?
True
Is 242 a factor of 1582196?
True
Is 2197 a multiple of 4?
False
Is 46 a factor of 3698393?
False
Does 25 divide 18879?
False
Is 2 a factor of 607359?
False
Is 98 a factor of 6052608?
False
Does 35 divide 97335?
True
Does 4 divide 1116947?
False
Does 237 divide 36498?
True
Is 381508 a multiple of 254?
True
Is 15 a factor of 2061330?
True
Does 11 divide 309087?
False
Is 91 a factor of 1007825?
True
Is 381576 a multiple of 52?
True
Is 829984 a multiple of 16?
True
Is 5051332 a multiple of 26?
True
Is 12 a factor of 358828?
False
Does 89 divide 176480?
False
Is 2514149 a multiple of 189?
False
Is 28746 a multiple of 33?
False
Is 6 a factor of 1853676?
True
Does 418 divide 33939?
False
Is 7 a factor of 449423?
False
Does 32 divide 130139?
False
Is 8 a factor of 36048?
True
Is 19 a factor of 22838?
True
Is 32 a factor of 3588544?
True
Is 16644285 a multiple of 9?
True
Is 22136 a multiple of 4?
True
Is 127 a factor of 491617?
True
Is 545630 a multiple of 42?
False
Is 240 a factor of 125040?
True
Is 60606 a multiple of 17?
False
Does 18 divide 2587122?
True
Is 1573829 a multiple of 73?
False
Is 169 a factor of 1316172?
True
Does 22 divide 5047788?
False
Does 295 divide 194405?
True
Is 109103 a multiple of 82?
False
Is 15 a factor of 183543?
False
Does 22 divide 1460580?
True
Does 21 divide 76363?
False
Is 3571 even?
False
Is 12 a factor of 171395?
False
Is 34 a factor of 2010434?
False
Is 2 a factor of 957389?
False
Is 36 a factor of 11609841?
False
Is 16 a factor of 1070850?
False
Is 23 a factor of 469683?
True
Is 36 a factor of 16632?
True
Is 14 a factor of 993440?
True
Is 75600 a multiple of 48?
True
Is 69107 a multiple of 19?
False
Is 324 a factor of 2086361?
False
Is 99 a factor of 1215027?
True
Is 295125 a multiple of 35?
False
Is 610374 a multiple of 138?
True
Does 575 divide 33350?
True
Does 163 divide 61408?
False
Does 27 divide 9835533?
True
Is 521343 even?
False
Is 58379 a multiple of 170?
False
Is 1755978 a multiple of 114?
False
Is 75 a factor of 163950?
True
Is 28 a factor of 794024?
True
Is 4 a factor of 1381949?
False
Does 190 divide 61180?
True
Is 2 a factor of 185001?
False
Is 166 a factor of 169411?
False
Is 25 a factor of 1502480?
False
Is 26 a factor of 95498?
True
Is 203 a factor of 434826?
True
Is 19 a factor of 188911?
False
Is 289 a factor of 318069?
False
Is 846080 a multiple of 40?
True
Does 189 divide 7669242?
True
Is 35 a factor of 1406510?
True
Does 842 divide 191134?
True
Is 68602 a multiple of 99?
False
Is 105 a factor of 328230?
True
Is 21234 a multiple of 37?
False
Does 45 divide 24660?
True
Is 405722 a multiple of 55?
False
Does 9 divide 2165260?
False
Is 9915 a multiple of 4?
False
Is 377088 a multiple of 12?
True
Does 72 divide 710?
False
Does 103 divide 312610?
False
Is 405030 a multiple of 69?
True
Is 282 a factor of 4461804?
True
Is 1513595 a multiple of 85?
True
Is 238970 a multiple of 85?
False
Is 22 a factor of 75298?
False
Is 17773476 a multiple of 12?
True
Is 300624 a multiple of 24?
True
Is 79874 a multiple of 142?
False
Is 89 a factor of 162425?
True
Is 8722470 a multiple of 310?
True
Is 7 a factor of 143208?
False
Is 380328 a multiple of 598?
True
Is 67 a factor of 109947?
True
Does 571 divide 398157?
False
Is 1003818 a multiple of 111?
False
Does 10 divide 112390?
True
Does 110 divide 87271?
False
Does 26 divide 378383?
False
Is 44797 a multiple of 28?
False
Does 62 divide 869860?
True
Does 38 divide 558486?
True
Does 4 divide 148621?
False
Is 1037 a factor of 12669827?
False
Is 2 a factor of 134605?
False
Is 112189 a multiple of 26?
False
Is 1107 a factor of 7110683?
False
Does 67 divide 4340930?
True
Is 684 a factor of 2471292?
True
Is 358 a factor of 775070?
True
Is 3440052 a multiple of 33?
True
Is 21 a factor of 193781?
False
Is 187352 a multiple of 44?
True
Is 4396230 a multiple of 10?
True
Is 2560462 a multiple of 358?
False
Is 12460296 a multiple of 233?
False
Is 17 a factor of 367146?
False
Does 10 divide 292179?
False
Is 12 a factor of 49848?
True
Is 59 a factor of 345634?
False
Is 12 a factor of 46692?
True
Does 103 divide 57062?
True
Does 1020 divide 2718300?
True
Is 610305 a multiple of 7?
False
Is 63 a factor of 9810?
False
Does 7 divide 821219?
True
Is 42 a factor of 104664?
True
Does 239 divide 11269696?
False
Does 2 divide 2631?
False
Does 652 divide 2384168?
False
Is 587983 a multiple of 21?
False
Does 595 divide 6885834?
False
Is 13 a factor of 12940432?
False
Is 112255 a multiple of 143?
True
Is 786 a factor of 9987888?
False
Does 32 divide 358004?
False
Does 136 divide 123896?
True
Does 654 divide 2097286?
False
Is 1437 a factor of 6512484?
True
Is 2215440 a multiple of 16?
True
Is 13 a factor of 323011?
True
Is 184071 a multiple of 3?
True
Does 236 divide 11133656?
False
Is 54931 a multiple of 44?
False
Is 16 a factor of 19898972?
False
Is 11536393 a multiple of 445?
False
Is 18 a factor of 286913?
False
Is 6965752 a multiple of 251?
True
Is 9 a factor of 52025?
False
Is 57 a factor of 299348?
False
Is 69 a factor of 5137484?
False
Is 12 a factor of 6903300?
True
Is 4778865 a multiple of 819?
True
Is 30807 a multiple of 2?
False
Is 503 a factor of 5373046?
True
Does 8 divide 139459?
False
Is 11 a factor of 485068?
False
Is 25280 a multiple of 32?
True
Is 396965 a multiple of 15?
False
Does 8 divide 1651219?
False
Does 43 divide 17759?
True
Is 132 a factor of 71289?
False
Does 58 divide 21366?
False
Does 31 divide 13585?
False
Does 435 divide 475374?
False
Is 3 a factor of 64497?
True
Is 11 a factor of 197593?
True
Is 10 a factor of 323770?
True
Is 386906 a multiple of 46?
True
Is 96 a factor of 1812813?
False
Does 6 divide 835715?
False
Is 93240 a multiple of 12?
True
Is 6 a factor of 1117788?
True
Does 711 divide 4289463?
True
Does 6 divide 8020398?
True
Is 187 a factor of 1245233?
True
Does 22 divide 157168?
True
Is 183 a factor of 817827?
True
Is 192 a factor of 10002624?
True
Is 148 a factor of 2354532?
True
Is 8422944 a multiple of 1670?
False
Does 4 divide 909004?
True
Is 103 a factor of 138618?
False
Is 25 a factor of 14021650?
True
Is 5 a factor of 157367?
False
Is 